t c = -7 - -10. Suppose 0 = 3*q - 1478 + 395. Suppose 5*t = h + q, c*t - 3*h - 61 - 158 = 0. What are the prime factors of t?
2, 3
Suppose -3*g + 2*l + 360 = -230, 0 = -4*g + 2*l + 788. What are the prime factors of g?
2, 3, 11
Suppose -126*t + 114*t + 264 = 0. Let a be 1/4 - 63/12. Let l = t + a. What are the prime factors of l?
17
Suppose -74 = s - 2*s. Suppose -3*u = -s + 56. What are the prime factors of u?
2, 3
Suppose 36*x - 226044 = -16*x. List the prime factors of x.
3, 7, 23
Suppose -209 = -12*p + 235. Suppose -o + 10 = 5*y - p, 4*o - y = 251. What are the prime factors of o?
2, 31
What are the prime factors of (66/(-5))/(418/105 + -4)?
3, 7, 11
Let q(b) = 7*b**2 - b. Let d be q(1). Let y(i) = -7*i**2 + 4*i + 2 - 87*i**3 + 2*i + 54*i**3 + 34*i**3. List the prime factors of y(d).
2
Let m = 4 + -3. List the prime factors of 134 + 5/(m + 4).
3, 5
Let t(b) = -32*b - 311. List the prime factors of t(-21).
19
Let z(w) = -3*w**3 - 2*w**2 + 2. Let y(r) = -r**3 + 8*r**2 + 2*r - 18. Let g be y(8). Let i be ((-5)/10)/(g/(-8)). What are the prime factors of z(i)?
2, 3
Let z(a) = -a**3 - 11*a**2 - a - 8. Suppose -3*n + 9 = 42. Let r be z(n). Let q = 23 - r. What are the prime factors of q?
2, 5
Suppose 12*r = 7*r + 25. Suppose -5*h + 488 = b, -402 = 4*h - 8*h + r*b. List the prime factors of h.
2, 7
Let p = -8 + 8. Let f be 0/2 - p/5. Suppose 5*g - 4*k - 67 = -7*k, f = 3*k - 12. What are the prime factors of g?
11
Suppose -4*x + z + 450 + 1595 = 0, -5*z - 535 = -x. What are the prime factors of x/9 - 10/15?
2, 7
Suppose 5*p - 38 = -318. List the prime factors of ((p/6)/(-7))/(2/123).
2, 41
Let k(a) = -6*a - 12. Let h be k(-6). List the prime factors of 4*h/20*(-30)/(-1).
2, 3
Suppose 18*l - 57963 + 11163 = 0. What are the prime factors of l?
2, 5, 13
Suppose -9*v = -7*v - 18. Let u(t) = t**3 - 6*t**2 - 10*t + 11. List the prime factors of u(v).
2, 41
What are the prime factors of 299/(1 - (1 + -1))?
13, 23
Let c(k) = -3*k + 11. Let f(v) = 11*v - 45. Let r(b) = -9*c(b) - 2*f(b). What are the prime factors of r(5)?
2
Let o = -279 - -865. What are the prime factors of o?
2, 293
Let b = 3639 - 1251. List the prime factors of b.
2, 3, 199
Let c(d) be the second derivative of 3/2*d**2 + 6*d - 1/20*d**5 - 1/4*d**4 + d**3 + 0. What are the prime factors of c(-5)?
23
Suppose 3*d - 8 - 1 = 0, 0 = -3*m + 5*d - 342. Suppose 3*l - 73 + 295 = 0. Let f = l - m. List the prime factors of f.
5, 7
Let c = 113 - 330. List the prime factors of (c/(-14))/(2/28).
7, 31
List the prime factors of ((-2616)/(-12))/(6/27).
3, 109
Let j(p) = 45*p + 33. What are the prime factors of j(5)?
2, 3, 43
Let x(b) = 2922*b**2 + 36*b - 37. List the prime factors of x(1).
23, 127
Let t = 2316 - 1363. List the prime factors of t.
953
Suppose -5*m + 3*c + 33 = -c, 3 = -m - 4*c. Suppose -6*v + m*v + 142 = 0. List the prime factors of v.
2, 71
Let d = -44 + 43. List the prime factors of d/(2/6) + 372/6.
59
Let i(t) be the third derivative of -39*t**6/40 + t**3/6 - 16*t**2. What are the prime factors of i(-1)?
2, 59
Let a(c) be the first derivative of 89*c**2/2 - 17*c - 27. List the prime factors of a(3).
2, 5
Let m be 3/2*(-13 + 21). Suppose -m*l - 72 = -16*l. List the prime factors of l.
2, 3
List the prime factors of 1*1/(-4) - 14324/(-16).
5, 179
Let y be 1/(-5) + 96/30. Suppose y*a = -2*f + 81, -4*f - 5*a + 138 + 25 = 0. List the prime factors of f.
2, 3, 7
Suppose -2*t + i - 12 = -2, -4*i = -t - 12. Let z be 11 - (7 - t/(-1)). Suppose -10*w + 4 = -z*w. List the prime factors of w.
2
Let i be (-2)/(-4) + 24/16. Suppose -16 = -i*k + 56. Suppose -135 = -5*t + a, 4*a - 12 = -t + k. List the prime factors of t.
2, 7
Let p be 6/10 + (-7)/(-5). Suppose -j = -p*j + 4. Let f(t) = 2*t**3 - 7*t**2 + 7*t - 4. What are the prime factors of f(j)?
2, 5
Suppose 3*z + 2*z - 140 = 0. Let x = z - -2. Let b = x - 13. What are the prime factors of b?
17
Let k = -2267 + 3188. List the prime factors of k.
3, 307
Let d(b) = -2*b**3 - 25*b + 17. What are the prime factors of d(-7)?
2, 439
Let p = -252 + 611. What are the prime factors of p?
359
Suppose -5*z + z - 16 = 0, -521 = 5*h + 4*z. Let w = h + 204. List the prime factors of w.
103
Suppose -32 = -m + b, 36 = -0*m + m - 5*b. Let c be 57/1 + 0 - -1. Suppose -m*z + 30*z = -c. List the prime factors of z.
2, 29
Suppose -3*y + 2*y - 27 = -b, -y - 54 = -2*b. Suppose -4*q = -3*r - 460, 3*q + 4*r + b = 372. What are the prime factors of q?
5, 23
Suppose 3*n = 4*f - 11475, -2*f + 5748 = -13*n + 15*n. What are the prime factors of f?
3, 11, 29
Let s(y) = y**2 + 2*y - 12. Let w(u) = 8*u - 19. Let v be w(5). Suppose -4*c - v = -1. What are the prime factors of s(c)?
3
Let w = 211 - 156. What are the prime factors of w?
5, 11
Suppose 0 = 5*m - 21 + 6. Suppose 0*q - 12 = m*q. Let s(o) = -4*o - 2. List the prime factors of s(q).
2, 7
Let v(x) = 2*x**2 + 2*x + 14. List the prime factors of v(-5).
2, 3
Let a be (3 - (8 - 2))/(1/(-19)). Let u = 179 - a. What are the prime factors of u?
2, 61
Let t be (2 - (5 + -1)) + 16. Let h = t - 10. Suppose -h*o = -2*o - 16. List the prime factors of o.
2
Suppose -3*l - 36 = 3*f, 30 = -4*l - f - 15. Let y = l - -59. What are the prime factors of y?
2, 3
Let t(g) = 3*g**3 - 11*g**2 + 24*g - 12. List the prime factors of t(4).
2, 5
Let k be (-1)/((-2)/(-26))*(-1 - 0). Suppose -2*a - 5*f - 34 = -5*a, -3*f = -12. Let b = a - k. List the prime factors of b.
5
Let r be (1/(2 + -1))/(6/(-564)). Let t = -46 - r. List the prime factors of t.
2, 3
Suppose 18*y - 48700 = -7*y. List the prime factors of y.
2, 487
Let y(j) = -j + 3. Let q be y(7). Let g be 4 + (-384)/q + -3. Suppose -2*k + 4*k - g = -3*u, -3*k = -2*u + 43. What are the prime factors of u?
29
Let w be (34/(-2))/(5 - 4). Let p = w + 3. Let j = p + 32. List the prime factors of j.
2, 3
Let x = 4145 + -1509. List the prime factors of x.
2, 659
Let i(k) = 7*k + 303. What are the prime factors of i(28)?
499
List the prime factors of 3810/15*1/1 + -5.
3, 83
Let j(d) = 4*d**2 + 13. Let n be j(-4). Let c be n + (-2 + 2)/2. Let k = c - 15. List the prime factors of k.
2, 31
Suppose -1 = -2*l - 5. Let r be (-37)/(0 + l - -3). List the prime factors of 6/9 - r/3.
13
Let w = -330 + 1410. List the prime factors of w.
2, 3, 5
Let i = -48 + 47. Let z(s) be the third derivative of -7*s**4/12 - s**3/3 - s**2. List the prime factors of z(i).
2, 3
List the prime factors of 15716/84 - (-8)/(-84).
11, 17
Let w be ((-5)/1)/((-1)/63). Suppose 4*k = 9*k + w. Let p = -42 - k. List the prime factors of p.
3, 7
Let s = -1215 + 3117. What are the prime factors of s?
2, 3, 317
Suppose 1008 = 2*q + 142. List the prime factors of q.
433
Let m = -419 - -870. What are the prime factors of m?
11, 41
Let k(d) = 3*d**3 + 3*d**2 - 4*d + 15. Let t(c) = -5*c**3 - 5*c**2 + 6*c - 23. Let y(o) = 8*k(o) + 5*t(o). What are the prime factors of y(0)?
5
Suppose -5*g + 52 = 3*n, 3*g = -3*n + 49 - 1. List the prime factors of (-36)/(-18)*(n/4 + -1).
5
Let j(a) = -a**2 + 6*a + 7. Let w be j(7). Let c(s) = s**2 + 2*s + 16. What are the prime factors of c(w)?
2
Let q be 2/((-1208)/404 + 3). Let a = q - 3. Suppose -4*b - 47 = -a. What are the prime factors of b?
2, 19
Suppose -194 - 251 = -5*z. Let l = z - 11. List the prime factors of l.
2, 3, 13
Suppose 0 = 4*j - 5*q - 2243, 4*j - 2234 = -46*q + 48*q. What are the prime factors of j?
557
Suppose -3*g + 6*g = 4*j - 5172, 0 = -4*g - 16. List the prime factors of j.
2, 3, 5, 43
Suppose -m = -13*m + 9036. What are the prime factors of m?
3, 251
Let j(d) = -21*d - 7. Let h be j(-2). What are the prime factors of (-2)/8*-4 + h?
2, 3
Let f(j) = 5*j - 53. Let u be f(-20). Let w = u - -224. List the prime factors of w.
71
Suppose -4*t + 3*o = -2*o - 179, 5*o = 5. Let c be (-4)/3*21/(-14). Suppose t + 10 = c*f. List the prime factors of f.
2, 7
Let q be ((-1)/(-3))/((-5)/(-5055)) - -3. Suppose 0 = 4*l - q - 180. List the prime factors of l.
2, 5, 13
Suppose -4 = 6*k - k - 2*a, 2*a = k + 4. Suppose -2 = -4*t + 2. What are the prime factors of 0 + k - (-3 - t)?
2
List the prime factors of 7066/6 - (-14)/42.
2, 19, 31
Suppose g + 4*d = 642 - 124, 3*d = g - 490. What are the prime factors of g?
2, 251
Suppose -8117 = -3*y + w, 9*y = 12*y + 2*w - 8102. What are the prime factors of y?
2, 1